, -i - 206 = -4*n + 1468. Is n composite?
False
Let b be (-24)/4*(-2)/(-4). Is 982*(0 - b/6) composite?
False
Suppose 2054 = 2*z - 3*w, z + 3*w = -3*z + 4090. Is z/30 + (-24)/180 prime?
False
Suppose 3*q - 288 = 2*q. Suppose 53*z = 58*z - 10. Suppose -101 = -o + z*r, 2*r = 3*o - r - q. Is o a composite number?
True
Let m = -23 - -24. Let b(w) = 163*w - 2. Is b(m) prime?
False
Suppose 0 = 30*x - 53059 + 11089. Is x a prime number?
True
Let s be (-1952)/(-48) - (1 - (-4)/(-3)). Let a = s + 44. Is a prime?
False
Suppose -4*y - 5*q = 1897, 4*q + 1893 = -3*y + 470. Suppose 3*s = -812 - 1276. Let z = y - s. Is z prime?
True
Let c = 2206 + -1176. Let l = c - -116. Suppose -5*w = w - l. Is w a composite number?
False
Suppose 3*z + 3*s - 6 = 0, z + s = 2*z + 8. Let l be -3 + (z - (-7 + 3)). Is 0 + -1 + (-1116)/l a prime number?
True
Is ((-24)/(-72))/(1/82527) a prime number?
True
Suppose -28 = -12*k + 11*k. Is ((-322)/k)/(1/(-82)) a prime number?
False
Let y(g) = -2*g**2 - 8*g + 7. Let l(k) = 2*k**2 + 8*k - 7. Let h(u) = -u**2 + 4*u + 1. Let v be h(2). Let j(c) = v*y(c) + 6*l(c). Is j(5) composite?
False
Let a(b) = b + 8. Let o be a(-5). Suppose o*d = -u - d + 608, d = 0. Suppose c - j = 4*c - 598, 3*c = j + u. Is c prime?
False
Let w = -4 + 7. Let v(g) = g**3 - 2*g**2 - g + 5. Let h(d) = 2*d**3 - d**2 - d + 5. Let q(y) = w*v(y) - 2*h(y). Is q(-6) a composite number?
False
Is (-4)/16*-179*148 a composite number?
True
Let w(o) = 2*o**2 + 5*o + 6. Is w(-9) composite?
True
Suppose -2*s + 4 = -2. Suppose -s*h + 736 + 182 = 0. Suppose 5*g + 30 - 126 = -2*o, -4*g - h = -5*o. Is o composite?
True
Suppose -2*p = -5*o - 501, -4*p - 2*o + 255 = -3*p. Is p a prime number?
False
Is 7393 + -2 + 264/22 prime?
False
Is (30/45)/(4/8166) a prime number?
True
Let q be (-1397)/(-33) + 1/(-3). Let m = 169 + q. Is m prime?
True
Let f be 18/(-27) - 14/6. Let y be (20/12)/((-1)/f). Suppose -y*n = -5*l + 795, -4*l - 2*n + 83 = -541. Is l composite?
False
Let k = -783 - -965. Let s = 8 - 35. Let v = k - s. Is v prime?
False
Suppose -18917 = -3*n + 4*i, 0 = 19*i - 15*i + 20. Is n composite?
False
Suppose 0 = s + 6 - 8. Suppose s*c - 355 = -3*c. Is c composite?
False
Let f = 25 - 3. Suppose -25*q + f*q = -4233. Is q a prime number?
False
Let r(w) = -3*w**3 - 4*w**2 + 3*w + 6. Suppose 5*b + 27 = -3. Let u be r(b). Suppose -4*n + 94 = -5*g - u, 455 = 3*n + 4*g. Is n prime?
True
Is (-1 + -8 + 2)*(12 + -1043) a prime number?
False
Let d(h) = 39*h**2 - 11*h + 19. Is d(10) a composite number?
True
Suppose -5*y + 3*j + 11720 = -2*j, 2*j + 11726 = 5*y. Suppose -16*n = -10010 + y. Is n a prime number?
True
Suppose 3*l = -4*v + 11, -5*l - v + 6*v - 40 = 0. Let x(j) be the third derivative of -7*j**6/60 + j**5/15 + j**3/6 - 6*j**2. Is x(l) a prime number?
False
Suppose -n + 6*n = 15. Let p = -728 - -1212. Suppose -2*t = 4*v - 0*t - p, 0 = -3*v + n*t + 345. Is v a composite number?
True
Suppose 0 = -24*b + 27*b - 252. Let u = 7 + -54. Let z = b + u. Is z prime?
True
Let w(o) = -138*o - 19. Let q be w(8). Let m = q - -2380. Is m composite?
True
Let i = 2062 - 1183. Suppose -i = -r - 2*h, 5*r - 4451 = -h + 5*h. Is r a composite number?
False
Let a(v) = -4*v**3 - v**2 - 2*v - 6. Suppose -6*q + 7*q = 35. Let u = 30 - q. Is a(u) a prime number?
True
Let x(v) = 3*v + 3. Let j be x(-6). Let n = -14 - j. Let q(l) = 8*l**2 - 1. Is q(n) a prime number?
True
Let p be (3944/20 + 0)*(-160)/(-1). Is (-6)/30 + p/10 a prime number?
False
Suppose 0 = -v - 3*j + 20831 - 4840, -3*j + 47973 = 3*v. Is v composite?
False
Let l(p) = p**3 + p + 27. Let c be l(0). Let w = 136 - c. Is w a prime number?
True
Suppose 0 = 3*n + 21 - 57. Is 1/(-6) - (-30830)/n a prime number?
False
Suppose -25*y - 12 = -31*y. Suppose 4*a = j + 2623, -a + 667 = -y*j - 2*j. Is a a composite number?
True
Suppose -12*c = 48309 - 668289. Is c composite?
True
Let h be (2/1)/(2 - 1). Let x(l) be the first derivative of 5*l**4/2 + 2*l**3/3 + l**2/2 - l + 37. Is x(h) composite?
False
Suppose 0 = -4*r + 4*n + 12, 0*n - 1 = n. Suppose 0*a + 5*a + 619 = 2*p, 5*p = r*a + 1537. Is p a prime number?
True
Suppose -330 = -6*r - 72. Suppose -3*g + r = -68. Is g composite?
False
Suppose 0 = -6*u + u + 5. Let x = u + 1. Suppose 2*g = 5*w - 4773, -2*w - x*g = -w - 957. Is w a prime number?
False
Suppose -35 = -4*q + 17. Let n(z) = q*z**2 - 2*z**2 - 13*z - 3*z**2 + z**3 + 0*z**3 + 1. Is n(-9) prime?
True
Let q(c) = -32*c + 2. Let g(h) = -h - 6. Let z be g(-9). Let i be q(z). Let f = i + 312. Is f prime?
False
Suppose 5*s + 17 = t + 944, 5*s = -4*t + 917. Is s a composite number?
True
Is 705394/9 + 53/(-477) a composite number?
True
Let l be (-2)/(-3) - 26/(-6). Let q(b) = -b**3 + 6*b**2 - 5*b - 6. Let a be q(l). Let r = 19 + a. Is r a prime number?
True
Let h be (-2 - 3)*8/(-10). Suppose -5*t - 2*l = -t - 1220, -h*l - 1244 = -4*t. Is t composite?
False
Let i = 1082 - -327. Is i a composite number?
False
Suppose 7574 = 2*a - t, -6*t = -4*t. Is a a prime number?
False
Suppose -45 = y - 4*y. Let t be y/6*(-12)/(-10). Suppose 2*l - 635 = -t*l. Is l a composite number?
False
Let d be 10/(-3)*24/20. Let b(n) = n + 9. Let f be b(d). Suppose -h + f*u = -395 + 121, -4*h = -2*u - 1042. Is h composite?
True
Let t = 1021 + -410. Is t prime?
False
Let t be 0 + 381/(-3) + -2. Is (t/12)/(4/(-32)) a prime number?
False
Let g be (-4)/(-14) - (-848)/(-28). Let d = 37 - g. Suppose 5*r + d = 612. Is r prime?
True
Let m be 5 - -1*(0 - -1). Suppose 18 = m*a - 0. Suppose 0 = a*y - y - 194. Is y prime?
True
Let l = 9 + -9. Suppose -2*a + 3*a = l. Suppose s - 427 = -2*p - a*p, 417 = 2*p - s. Is p a prime number?
True
Let s(c) = 172*c**3 + 10*c**2 + 2*c - 29. Is s(3) composite?
True
Let c be 0 + (2/(-3)*3 - -4). Suppose -3*i + c*i = 3*f - 1459, -i = -2*f - 1459. Is i a composite number?
False
Let g = -7 - -1. Suppose 4*j - 9*j - 1155 = 0. Is j/g - 1/2 a prime number?
False
Let c(n) be the second derivative of n**4/4 + 3*n**3/2 - 7*n**2/2 - 3*n. Let j be c(-13). Let f = j + -216. Is f a composite number?
False
Let a = -36 + 35. Let q = 12 - a. Is q prime?
True
Suppose 2*q + 5*t - 23 = 0, 26 = -0*q - q + 5*t. Is 2*22*(q + 60/16) a composite number?
True
Suppose -4179 = -6*z + 5619. Is z prime?
False
Let k(u) = 2564*u**2 - 11*u - 6. Let m(s) = 1709*s**2 - 7*s - 4. Let c(a) = -5*k(a) + 8*m(a). Is c(-1) a composite number?
True
Let v(q) = -10*q - 1 + 4 - 3*q**2 + 3. Let l be v(-5). Let t = 6 - l. Is t composite?
True
Is 4309602/48 + (-6)/16 a composite number?
False
Is 1174 + -1 - (-40)/5 a prime number?
True
Let a = -23 + 35. Suppose -r = -a + 9. Is r prime?
True
Let q(h) = 13*h - 3. Let m be q(1). Suppose 1029 + 1641 = m*k. Is k a composite number?
True
Suppose l = 2*o - 1702, 5*o + 13*l = 14*l + 4255. Is o composite?
True
Let g = 2 + 4. Suppose -g*z + 511 = 139. Let b = z + 12. Is b composite?
True
Let t(r) = -291*r - 3. Let f(i) = 145*i + 2. Let s(l) = 7*f(l) + 3*t(l). Is s(23) a composite number?
False
Suppose -8*q = -27*q + 27949. Is q a composite number?
False
Let l = -37 + 50. Is (1*-209)/(l + -14) composite?
True
Let b = 21220 + -11918. Is b a prime number?
False
Suppose j - 5876 = -5*y - 395, -2*j - 8 = 0. Is y a composite number?
False
Suppose 0 = 4*c + 16. Is (51/c)/(24/(-96)) a composite number?
True
Let w(b) = b**2 + 8*b + 9. Let o be w(-7). Suppose -y + o = 1, -5*y + 5 = -4*z. Suppose z*a - 1231 = -3*d + 5*a, -2*d + 850 = 4*a. Is d a composite number?
True
Let n = -17614 - -28251. Is n a prime number?
False
Suppose 0 = -3*d - 2*l - 3*l + 48, 5*d - 2*l = 111. Let m = 75 - d. Suppose m*j = 56*j - 470. Is j a composite number?
True
Let h = -5464 - -21146. Is h a prime number?
False
Let j be (-1030)/4*(-116)/145. Let n = -32 + 135. Let d = j - n. Is d prime?
True
Suppose -5*m - 7*x + 8*x = -26345, 0 = -4*m + 2*x + 21070. Suppose -5*g - 10512 = -4*i - 4*g, -2*i + 4*g = -m. Is i prime?
False
Let d(z) = z**2 + 4*z - 18. Let b be d(-7). Is b/(-3)*(-889 - 0/(-3)) composite?
True
Let x = 38 + -34. Suppose 1 - 41 = x*o. Let v(s) = -s**3 - 8*s**2 + s + 1. Is v(o) prime?
True
Let x = 34836 - 21037. Is x a composite number?
False
Let y = 30 - 26. Let t(h) = 22*h**3 - h**2 + h + 3. Is t(y) composite?
False
Let x(g) = 662*g**2 - g - 4. Is x(3) a prime number?
False
Let a = 1 - -5. Sup